{"id":143,"date":"2026-03-27T07:16:32","date_gmt":"2026-03-27T07:16:32","guid":{"rendered":"https:\/\/rlservicios.com.es\/?page_id=143"},"modified":"2026-03-27T07:16:32","modified_gmt":"2026-03-27T07:16:32","slug":"lavavajilla","status":"publish","type":"page","link":"https:\/\/rlservicios.com.es\/index.php\/lavavajilla\/","title":{"rendered":"Lavavajilla"},"content":{"rendered":"\n<figure class=\"wp-block-image size-full\"><img loading=\"lazy\" decoding=\"async\" width=\"440\" height=\"450\" src=\"https:\/\/rlservicios.com.es\/wp-content\/uploads\/2026\/03\/1000209539.png\" alt=\"\" class=\"wp-image-144\" srcset=\"https:\/\/rlservicios.com.es\/wp-content\/uploads\/2026\/03\/1000209539.png 440w, https:\/\/rlservicios.com.es\/wp-content\/uploads\/2026\/03\/1000209539-293x300.png 293w\" sizes=\"auto, (max-width: 440px) 100vw, 440px\" \/><\/figure>\n\n\n\n<section>\n  <h1>Reparaci\u00f3n de lavavajillas en C\u00e1ceres<\/h1>\n  <p>Servicio t\u00e9cnico de lavavajillas en C\u00e1ceres r\u00e1pido y econ\u00f3mico. Reparamos aver\u00edas como lavavajillas que no desagua, no lava bien, hace ruidos o no enciende. T\u00e9cnicos especializados en todas las marcas.<\/p>\n  \n  <h2>Problemas comunes<\/h2>\n  <ul>\n    <li>El lavavajillas no limpia correctamente<\/li>\n    <li>No desagua o pierde agua<\/li>\n    <li>Hace ruidos extra\u00f1os<\/li>\n    <li>Error en luces o panel<\/li>\n  <\/ul>\n\n  <p>Ofrecemos reparaci\u00f3n urgente de lavavajillas en C\u00e1ceres y provincia con garant\u00eda y precios ajustados.<\/p>\n<\/section>\n\n","protected":false},"excerpt":{"rendered":"<p>Reparaci\u00f3n de lavavajillas en C\u00e1ceres Servicio t\u00e9cnico de lavavajillas en C\u00e1ceres r\u00e1pido y econ\u00f3mico. Reparamos aver\u00edas como lavavajillas que no desagua, no lava bien, hace ruidos o no enciende. T\u00e9cnicos&hellip;<\/p>\n","protected":false},"author":1,"featured_media":0,"parent":0,"menu_order":0,"comment_status":"closed","ping_status":"closed","template":"","meta":{"footnotes":""},"class_list":["post-143","page","type-page","status-publish","hentry"],"_links":{"self":[{"href":"https:\/\/rlservicios.com.es\/index.php\/wp-json\/wp\/v2\/pages\/143","targetHints":{"allow":["GET"]}}],"collection":[{"href":"https:\/\/rlservicios.com.es\/index.php\/wp-json\/wp\/v2\/pages"}],"about":[{"href":"https:\/\/rlservicios.com.es\/index.php\/wp-json\/wp\/v2\/types\/page"}],"author":[{"embeddable":true,"href":"https:\/\/rlservicios.com.es\/index.php\/wp-json\/wp\/v2\/users\/1"}],"replies":[{"embeddable":true,"href":"https:\/\/rlservicios.com.es\/index.php\/wp-json\/wp\/v2\/comments?post=143"}],"version-history":[{"count":1,"href":"https:\/\/rlservicios.com.es\/index.php\/wp-json\/wp\/v2\/pages\/143\/revisions"}],"predecessor-version":[{"id":145,"href":"https:\/\/rlservicios.com.es\/index.php\/wp-json\/wp\/v2\/pages\/143\/revisions\/145"}],"wp:attachment":[{"href":"https:\/\/rlservicios.com.es\/index.php\/wp-json\/wp\/v2\/media?parent=143"}],"curies":[{"name":"wp","href":"https:\/\/api.w.org\/{rel}","templated":true}]}}