{"id":158,"date":"2026-03-27T07:20:27","date_gmt":"2026-03-27T07:20:27","guid":{"rendered":"https:\/\/rlservicios.com.es\/?page_id=158"},"modified":"2026-03-27T07:20:27","modified_gmt":"2026-03-27T07:20:27","slug":"microondas","status":"publish","type":"page","link":"https:\/\/rlservicios.com.es\/index.php\/microondas\/","title":{"rendered":"Microondas"},"content":{"rendered":"\n<figure class=\"wp-block-image size-full\"><img loading=\"lazy\" decoding=\"async\" width=\"651\" height=\"346\" src=\"https:\/\/rlservicios.com.es\/wp-content\/uploads\/2026\/03\/1000209544.png\" alt=\"\" class=\"wp-image-159\" srcset=\"https:\/\/rlservicios.com.es\/wp-content\/uploads\/2026\/03\/1000209544.png 651w, https:\/\/rlservicios.com.es\/wp-content\/uploads\/2026\/03\/1000209544-300x159.png 300w\" sizes=\"auto, (max-width: 651px) 100vw, 651px\" \/><\/figure>\n\n\n\n<section>\n  <h1>Reparaci\u00f3n de microondas en C\u00e1ceres<\/h1>\n  <p>Servicio t\u00e9cnico de microondas en C\u00e1ceres. Reparamos todo tipo de aver\u00edas para que tu electrodom\u00e9stico funcione como nuevo.<\/p>\n  \n  <h2>Problemas comunes<\/h2>\n  <ul>\n    <li>No calienta<\/li>\n    <li>Hace chispas<\/li>\n    <li>El plato no gira<\/li>\n    <li>No enciende<\/li>\n  <\/ul>\n\n  <p>Reparaci\u00f3n r\u00e1pida de microondas en C\u00e1ceres con t\u00e9cnicos profesionales.<\/p>\n<\/section>\n","protected":false},"excerpt":{"rendered":"<p>Reparaci\u00f3n de microondas en C\u00e1ceres Servicio t\u00e9cnico de microondas en C\u00e1ceres. Reparamos todo tipo de aver\u00edas para que tu electrodom\u00e9stico funcione como nuevo. Problemas comunes No calienta Hace chispas El&hellip;<\/p>\n","protected":false},"author":1,"featured_media":0,"parent":0,"menu_order":0,"comment_status":"closed","ping_status":"closed","template":"","meta":{"footnotes":""},"class_list":["post-158","page","type-page","status-publish","hentry"],"_links":{"self":[{"href":"https:\/\/rlservicios.com.es\/index.php\/wp-json\/wp\/v2\/pages\/158","targetHints":{"allow":["GET"]}}],"collection":[{"href":"https:\/\/rlservicios.com.es\/index.php\/wp-json\/wp\/v2\/pages"}],"about":[{"href":"https:\/\/rlservicios.com.es\/index.php\/wp-json\/wp\/v2\/types\/page"}],"author":[{"embeddable":true,"href":"https:\/\/rlservicios.com.es\/index.php\/wp-json\/wp\/v2\/users\/1"}],"replies":[{"embeddable":true,"href":"https:\/\/rlservicios.com.es\/index.php\/wp-json\/wp\/v2\/comments?post=158"}],"version-history":[{"count":1,"href":"https:\/\/rlservicios.com.es\/index.php\/wp-json\/wp\/v2\/pages\/158\/revisions"}],"predecessor-version":[{"id":160,"href":"https:\/\/rlservicios.com.es\/index.php\/wp-json\/wp\/v2\/pages\/158\/revisions\/160"}],"wp:attachment":[{"href":"https:\/\/rlservicios.com.es\/index.php\/wp-json\/wp\/v2\/media?parent=158"}],"curies":[{"name":"wp","href":"https:\/\/api.w.org\/{rel}","templated":true}]}}